 92*u**2. Give q(-8).
6
Let k(a) be the third derivative of a**7/2520 + a**6/180 + 13*a**5/30 - 10*a**2. Let c(n) be the third derivative of k(n). Calculate c(-4).
-4
Let q(h) = -2*h**2 + h + 3*h**2 + 8 - 7*h. Suppose 41*t = 45*t - 24. Give q(t).
8
Let v(z) = -4*z**2 - 2*z + 1. Let r = -36 + 33. Let l(y) = -5*y**2 - 3*y + 2. Let c(m) = r*v(m) + 2*l(m). Suppose 12 = 3*f - 3, -f + 6 = -d. Calculate c(d).
3
Let l(w) = w - 8. Let u be (-4)/(-6) - 4/6*-17. Suppose -40 = -u*c + 32. What is l(c)?
-2
Let a(n) = 3*n + n - n**3 - 3*n**2 + 3 - 5. Suppose -2*k + 16 = -3*z, 53*k - 52*k + 6 = -2*z. Calculate a(z).
-2
Let j be (-4)/(-14) - 2570/(-70). Let s(v) = v + j + 33 - 66. Determine s(-7).
-3
Let b be -3 - 0/(6/3). Let p(l) = -41*l + 10. Let g(a) = -6*a + 1. Let u(y) = 6*g(y) - p(y). Give u(b).
-19
Let l(b) = b**2 + 5*b - 5. Let d be 45/(-18)*(-1 + 7). Let u = 13 + d. Let h(j) = j - 3. Let o be h(u). Determine l(o).
-5
Let s(h) = h**3 + 6*h**2 - 3*h - 6. Suppose -5*l - w + 140 = 0, -5*l = -4*l + 2*w - 28. Suppose 4*y + l = 2*r + 2*r, 2*y + 4*r + 8 = 0. Calculate s(y).
12
Let k(b) = -b**3 - 5*b**2 - 5*b - 3. Let f(a) = a**2 - 8*a + 4. Let r be f(7). What is k(r)?
-6
Let p(d) = d**3 + d**2 - 1. Let z(k) = -3*k**3 + k**2 - 8*k - 3. Let t(c) = 4*p(c) + z(c). Let j be (16/10)/(-4)*(-7 - -22). Determine t(j).
5
Let h(x) = -1. Let g(m) = -6 - m - 1 + 5 - 1. Let w(k) = -2*g(k) + 2*h(k). Suppose y - 6 = 2*y. Calculate w(y).
-8
Suppose 17*t + 78 = 197. Let g(m) = -6*m + 49. Calculate g(t).
7
Let q(x) = -x + 1. Let j = -18 - -20. Suppose -s + 13 = -j. Let k be (-72)/20*s/(-9). Calculate q(k).
-5
Let j(g) = -66*g**2 - g. Suppose 0 = -13*r - 918 + 905. Give j(r).
-65
Suppose 0 = -24*o + 44*o - 40. Let f(m) be the second derivative of m**3/3 - m**2/2 + 2*m. Give f(o).
3
Let f(a) = 0*a + 7*a**2 - 2*a - 6*a - a**3 + 7. Let l be (-3)/((-1)/(-1 + 5/3)). Suppose -l*t - 3*o + 24 = -0*t, -5*t + o + 26 = 0. Calculate f(t).
-5
Let b(z) be the first derivative of 5*z**2 - z + 3. Let u be b(1). Suppose 0 = -t - 2*i - 12, -t + 0 = i + u. Let q(n) = -2*n - 2. Determine q(t).
10
Suppose -12*h + 17*h + m = 30, 12 = 2*h + 3*m. Let k(g) = -5*g - 13. Calculate k(h).
-43
Let q(i) = 1 - i**2 + i**3 + 1 - 1 + i. Let n(j) = j**2 - 9*j + 1. Let y(x) = -1. Let a(m) = -n(m) - 3*y(m). Let g be a(9). Calculate q(g).
7
Let i be (7/2 - -1)*4/6. Suppose 0 = 4*s + i*p + 3 - 20, -2*s = 5*p - 5. Let j(a) = a**3 - 5*a**2 + 2*a + 6. What is j(s)?
16
Let m(v) = -v**2 - 3*v - 4. Let y(p) = 4*p - 7. Let z(n) = -3*n + 8. Let r(s) = -4*y(s) - 5*z(s). Let a be r(-8). Determine m(a).
-8
Let g(v) = 4*v**3 - 2*v - 9 - 5*v**2 + 11*v**3 - 22*v**3 + 6*v**3. Give g(-5).
1
Suppose 0*t + 19*t = 57. Let u(v) = v**3 - v**2 + 2*v - 16. Determine u(t).
8
Let q(r) = 3*r**2 - 3*r - 2. Suppose -4*g + 4 = 4*a, -5*g + 35 = -2*a - 3*a. Let i be (g/(-10))/((-1)/(-5)). Calculate q(i).
16
Suppose 10*w - 120 = 16*w. Let t = 18 + w. Let y(p) = -2*p**2 + 1. Give y(t).
-7
Let k(g) = 186*g - 53*g - 44*g - 45*g - 46*g - 1. Let j = 3 - 4. Give k(j).
1
Let m(n) = 6*n + 4. Let w(o) = -13*o - 10. Let v(p) = 5*m(p) + 2*w(p). Let d = 12 + -10. Give v(d).
8
Suppose -5*r + 26 = -14. Let g = -5 + r. Suppose s = -g + 2. Let w(l) = -10*l - 1. Determine w(s).
9
Let p(f) = -f**3 + 8*f**2 - 14*f - 6. Let x be p(5). Let z(v) = -v**2 + 1. Let n be z(x). Let d(l) = -l + 2*l + 0*l. Calculate d(n).
0
Let w(v) = -118*v - 2 - 1 + v**2 - 1 + 113*v. Suppose 2 = -2*c - 4*z, z + 25 = 2*c - 4*z. Determine w(c).
-4
Let o(p) = p**3 - 3*p**2 + p + 2. Let n = 70 - 71. Let d be 5/3 - 1/(-3). Let m be (n/d)/((-7)/28). Give o(m).
0
Suppose -3*t + 42 = 24. Let v(s) = -s - t + 4 - 3. Determine v(-6).
1
Let f(a) be the second derivative of -7*a**3/6 - a**2 - 63*a. Calculate f(1).
-9
Suppose 12 = -5*x + x. Let b = x + 11. Let n(s) = 1 + 8 - b - 2*s**2. What is n(1)?
-1
Let u(t) = -2*t - 17. Let a be u(-6). Let x(d) = 7*d**3 - 5*d**2 + 5*d - 11. Let i(z) = -3*z**3 + 2*z**2 - 2*z + 5. Let j(h) = a*i(h) - 2*x(h). Calculate j(0).
-3
Let f(l) be the second derivative of -l**3/6 + 5*l**2/2 + l. Suppose j - h - 2 = 0, -2*j + 3*j - 6 = 3*h. Calculate f(j).
5
Let j be (20/(-16))/((-2)/(-8)). Let g(w) be the first derivative of -w**3/3 - 7*w**2/2 - 4*w + 42. Give g(j).
6
Let t(r) = r**2 + 4. Let f be (-1 + (-1 - -2))/(-2 - -4). Suppose q + 3*w - 5 = 1, 4*w - 8 = f. Give t(q).
4
Let g(u) = u**2 + 2*u + 22. Suppose -t + 48 = 5*k + 43, -1 = 4*t - k. Determine g(t).
22
Let s(z) = z**3 - 10*z**2 + 7*z + 21. Let h be s(9). Let w(a) = 9*a + 7*a - 13*a - 5 + h - a**2. What is w(4)?
-6
Let r = 7 + -7. Let g(z) = 3 + r*z**3 - 7*z**2 + 0*z**3 + 11*z - 17*z - z**3. Determine g(-6).
3
Let v = 4 + -8. Let o(t) = t**3 - 12*t**2 + 12*t - 9. Let y be o(11). Let k(n) = -y*n**3 - 5*n**2 + n**3 + 8*n - 18*n + 6*n - 6. Give k(v).
-6
Suppose -2 = -p - 0. Let b(t) = -p*t**2 + 5*t - t**3 + 9 - 3*t**2 + 0*t**2 + 0*t**2. What is b(-6)?
15
Let c(o) = -2*o**3 + 3*o**2 - 2*o. Suppose -5*n - 4*k + 8 = 0, k - 2 = -5. Suppose 2*q + n*d = 6*q - 24, 2*q + d = 9. Suppose q*b + 1 - 11 = 0. Give c(b).
-8
Suppose -4*d - u = -113, 2*u = 5*d + 7*u - 145. Suppose -3 + d = 5*n. Let g(k) be the first derivative of -k**2/2 + 7*k - 932. Calculate g(n).
2
Let s(k) = -k**3 + 7*k**2 - 11*k + 2. Let m be s(5). Let i(r) = 2*r - 3. Let a(h) = h - 2. Let y(c) = m*a(c) + 2*i(c). Give y(6).
6
Let x(c) be the third derivative of -1/6*c**3 + 0*c + 0 - c**2 + 1/8*c**4. What is x(-1)?
-4
Let c(g) = g**2 - 5*g - 6. Let z be (-3)/((-9)/2) + 576/(-864). What is c(z)?
-6
Let p(g) = 16*g - 11 + 4*g**2 + g**3 - 4*g - 7*g - 10*g. Give p(-4).
9
Let p(g) = g**3 - 7*g**2 + 6*g + 3. Let f be p(6). Let q(c) = 2*c**2 - 6*c**f - 1 - 2*c - 2*c**2. Let a(y) = -y**3 + 2*y + 3. Let x be a(2). Calculate q(x).
7
Let s(j) = 3*j**3 - 4*j**2 + 3*j + 6*j**3 + 102 - 101 - j**2 - 8*j**3. Let c = -3 + -2. Let x = c - -8. What is s(x)?
-8
Let g(s) = s**2 + 14*s + 40. Let x be g(-9). Let m be (-2)/8 - x/(-20)*-29. Let n(i) = i**3 - 8*i**2 + 9*i - 10. Calculate n(m).
4
Let r(t) = -t - 2. Let w = -4 + 7. Suppose 2*c + 5*d = 15, -w*d = 5*c - 6*d + 40. Calculate r(c).
3
Let p = 323 + -325. Let t(u) = -u + 1. Determine t(p).
3
Let h(j) = -13*j + 8 - 3 + 2 + 2. Let k(b) = -3*b + 2. Let p(f) = -2*h(f) + 9*k(f). Suppose -2*x = -6 + 4. What is p(x)?
-1
Suppose -w - 4*w = 0. Suppose -3*g = -w*g. Let f(k) = 3*k + 1 + g*k + 4 - 2*k**2 + k**2. Calculate f(4).
1
Let o(i) = i + 2. Let g be o(-6). Let a(f) = f. Let q(n) = -n - 1. Let h(k) = k**3 - 10*k**2 - 10*k - 13. Let p be h(11). Let c(t) = p*a(t) + q(t). Give c(g).
11
Suppose t = 3*y + 20, t + 0*y - 13 = -4*y. Let r(u) = t - 11 - 11 + u**2 - 5*u. Give r(5).
-5
Let l(c) be the first derivative of -c**2/2 - 23*c - 652. Calculate l(-16).
-7
Let w = 162 - 160. Suppose 10 = -w*p - 2. Let z(j) = -j**3 + j + 1. Let b(m) = -2*m**3 - 7*m**2 - 8*m - 1. Let d(g) = b(g) - z(g). What is d(p)?
16
Let p(i) = i - 1. Let h be (-30)/12 - 30/(-12). What is p(h)?
-1
Let u = -629 + 621. Let s(z) = -z**3 - 7*z**2 + 7*z + 5. Determine s(u).
13
Let x(t) = -t**2 + 7*t - 1. Let j(f) = -4*f**2 + 21*f - 6. Let k(q) = 2*j(q) - 7*x(q). Determine k(-7).
-5
Let p = -2 - -7. Let h(o) be the second derivative of -o**5/20 + 5*o**4/12 - o**3/3 - 3*o**2/2 + 37*o. Determine h(p).
-13
Let v be 18/15*(-50)/(-15). Let q(c) = 3*c**2 + 2 + c - 2*c**2 + v*c. What is q(-4)?
-2
Let f(j) = 2*j**2 - 132 + 5*j - j**2 + 126. Let h be 6/(-18)*(-1 - 5). Suppose 2*v + 3*i + 24 = -v, 0 = h*v - i + 7. What is f(v)?
-6
Let v be 14 - (9 + 1/((-3)/9)). Let j(y) = y**2 - 12*y + 27. What is j(v)?
-5
Let l(n) = -5*n**2 + 8*n + 6. Let r(s) = s**2 - 637*s + 637*s. Let f(h) = -l(h) - 6*r(h). Calculate f(-4).
10
Let s(u) = -u - 6. Let f be ((-45)/(-3))/((-6)/4*1). Determine s(f).
4
Let l(t) = -t**3 + 5*t**2 - 6*t + 5. Let k = 65 - 64. Let u be (16/k)/2 + -4. Determine l(u).
-3
Let l(t) = -t**2 - 4*t + 2. Suppose -3*w = -2*u - 2, -2*u + 22 = -3*w + 6*w. Suppose 24 = -3*k - 2*s, u*s - 9 = -3*k - 42. Calculate l(k).
-10
Let t(r) = 4*r**2 - 3*r + 9. Let n(s) = 2*s**2 - s + 7. Let v(a) = 3*n(a) - 2*t(a). Determine v(2).
1
Suppose 0 = -14*p - 13 - 1. Let o(d) = -10*d**2. Determine o(p).
-10
Let q(z) = z**3 - 5*z**2 + 4*z + 3. Let j = 160 + -237. Let v be (-4)/(-14) + (-3058)/j. Suppose 2*b 